{"id":741,"date":"2016-03-08T21:42:39","date_gmt":"2016-03-08T21:42:39","guid":{"rendered":"https:\/\/donpedros.com\/?page_id=741"},"modified":"2016-04-11T18:59:09","modified_gmt":"2016-04-11T18:59:09","slug":"lunch","status":"publish","type":"page","link":"https:\/\/donpedros.com\/?page_id=741","title":{"rendered":"Lunch"},"content":{"rendered":"<\/div><\/div><\/div><!-- close content main div --><\/div><\/div><div id='av_section_1' class='avia-section main_color avia-section-default avia-no-shadow avia-full-stretch av-parallax-section avia-bg-style-parallax   container_wrap sidebar_right'  data-section-bg-repeat='stretch' ><div class='av-parallax' data-avia-parallax-ratio='0.3' ><div class='av-parallax-inner main_color  avia-full-stretch' style = 'background-repeat: no-repeat; background-image: url(https:\/\/donpedros.com\/wp-content\/uploads\/2016\/03\/app.title_.bg_.jpg);background-attachment: scroll; background-position: center center; ' ><\/div><\/div><div class='container' ><div class='template-page content  av-content-small alpha units'><div class='post-entry post-entry-type-page post-entry-741'><div class='entry-content-wrapper clearfix'>\n<section class=\"av_textblock_section \"  itemscope=\"itemscope\" itemtype=\"https:\/\/schema.org\/CreativeWork\" ><div class='avia_textblock  av_inherit_color '  style='font-size:34px; color:#ffffff; '  itemprop=\"text\" ><p style=\"text-align: center;\"><strong>A\u00a0\u00a0 P\u00a0\u00a0 P\u00a0\u00a0 E\u00a0\u00a0 T\u00a0\u00a0 I\u00a0\u00a0 Z\u00a0\u00a0 E\u00a0\u00a0 R\u00a0\u00a0 S\u00a0\u00a0 \/ \u00a0 A\u00a0\u00a0 P \u00a0 E\u00a0\u00a0 R \u00a0 I \u00a0 T\u00a0\u00a0 I \u00a0 V \u00a0 O \u00a0 S<br \/>\n<\/strong><\/p>\n<\/div><\/section>\n<\/div><\/div><\/div><!-- close content main div --><\/div><\/div><div id='after_section_1' class='main_color av_default_container_wrap container_wrap sidebar_right'   ><div class='container' ><div class='template-page content  av-content-small alpha units'><div class='post-entry post-entry-type-page post-entry-741'><div class='entry-content-wrapper clearfix'>\n<div class=\"flex_column av_one_half  flex_column_div av-zero-column-padding first  \" style='border-radius:0px; '><section class=\"av_textblock_section \"  itemscope=\"itemscope\" itemtype=\"https:\/\/schema.org\/CreativeWork\" ><div class='avia_textblock  '   itemprop=\"text\" ><p><strong><em>Chicken Taquitos<br \/>\n<\/em><\/strong><em>with avocado &amp; tomatillo salsa<\/em><\/p>\n<p><strong><em>Asian Spare Ribs <\/em><\/strong><br \/>\n<em>mesquite grilled baby back rib\u2019s glazed with spicy sweet &amp; sour barbecue sauce, scallion and sesame seeds<\/em><\/p>\n<p><strong><em>Beer Batter Shrimp<br \/>\n<\/em><\/strong><em>with chipotle honey sauce<\/em><\/p>\n<p><strong><em>Steamed Mussels a la Provencale<br \/>\n<\/em><\/strong><em>fresh Baja mussels, white wine, garlic &amp; herbs<br \/>\n<\/em><\/p>\n<p><strong><em>Braised Artichoke<br \/>\n<\/em><\/strong><em>mesquite grilled served with garlic herb yogurt dipping sauce<\/em><\/p>\n<\/div><\/section><\/div>\n<div class=\"flex_column av_one_half  flex_column_div av-zero-column-padding   \" style='border-radius:0px; '><section class=\"av_textblock_section \"  itemscope=\"itemscope\" itemtype=\"https:\/\/schema.org\/CreativeWork\" ><div class='avia_textblock  '   itemprop=\"text\" ><p><strong><em>Taquitos de Pollo<br \/>\n<\/em><\/strong><em>con salsa de aguacate &amp; tomate<\/em><\/p>\n<p><strong><em>Costillas Asiaticas <\/em><\/strong><br \/>\n<em>costillas de cerdo asadas al mesquite con salsa barbecue agridulce &amp; picante con cebollin &amp; semillas de ajonjol\u00ed<\/em><\/p>\n<p><strong><em>Camar\u00f3n a la Cerveza <\/em><\/strong><br \/>\n<em>con salsa de chipotle y miel<\/em><\/p>\n<p><strong><em>Mejill\u00f3n al Vapor Estilo Provencale <\/em><\/strong><br \/>\n<em>mejill\u00f3n de Baja C. frescos al vapor con vino blanco, hierbas &amp; ajo<\/em><\/p>\n<p><strong><em>Alcachofa Asada<br \/>\n<\/em><\/strong><em>alcachofa entera marinada &amp; asada servida con salsa de yogurt hierbas &amp; ajo<br \/>\n<\/em><\/p>\n<\/div><\/section><\/div>\n<\/div><\/div><\/div><!-- close content main div --><\/div><\/div><div id='av_section_2' class='avia-section main_color avia-section-default avia-no-shadow avia-full-stretch av-parallax-section avia-bg-style-parallax   container_wrap sidebar_right'  data-section-bg-repeat='stretch' ><div class='av-parallax' data-avia-parallax-ratio='0.3' ><div class='av-parallax-inner main_color  avia-full-stretch' style = 'background-repeat: no-repeat; background-image: url(https:\/\/donpedros.com\/wp-content\/uploads\/2016\/03\/salad.jpg);background-attachment: scroll; background-position: center center; ' ><\/div><\/div><div class='container' ><div class='template-page content  av-content-small alpha units'><div class='post-entry post-entry-type-page post-entry-741'><div class='entry-content-wrapper clearfix'>\n<section class=\"av_textblock_section \"  itemscope=\"itemscope\" itemtype=\"https:\/\/schema.org\/CreativeWork\" ><div class='avia_textblock  av_inherit_color '  style='font-size:34px; color:#ffffff; '  itemprop=\"text\" ><p style=\"text-align: center;\"><strong>S\u00a0 A\u00a0 L\u00a0 A\u00a0 D\u00a0 S<br \/>\n<\/strong><\/p>\n<\/div><\/section>\n<\/div><\/div><\/div><!-- close content main div --><\/div><\/div><div id='after_section_2' class='main_color av_default_container_wrap container_wrap sidebar_right'   ><div class='container' ><div class='template-page content  av-content-small alpha units'><div class='post-entry post-entry-type-page post-entry-741'><div class='entry-content-wrapper clearfix'>\n<div class=\"flex_column av_one_half  flex_column_div av-zero-column-padding first  \" style='border-radius:0px; '><section class=\"av_textblock_section \"  itemscope=\"itemscope\" itemtype=\"https:\/\/schema.org\/CreativeWork\" ><div class='avia_textblock  '   itemprop=\"text\" ><p><strong><em>Mexican<br \/>\n<\/em><\/strong><em>blackened chicken breast, romaine lettuce, corn, black beans, roasted poblano chiles, cotija cheese, cherry tomatoes, pumpkin seeds, tortillas crisps served with a creamy cilantro dressing<\/em><\/p>\n<p><strong><em>Green Papaya Salad<br \/>\n<\/em><\/strong><em>green papaya, cucumber, tomato,green mango, mint, cilantro, kaffir lime, ginger, chile &amp; garlic (add shrimp or tuna $75 pesos)<\/em><\/p>\n<p><strong><em>Nicoise<br \/>\n<\/em><\/strong><em>sesame crusted Ahi tuna seared with, grilled artichoke, asparagus, Kalamata olives, avocado, baby red potatoes, hard boiled quail eggs served with a garlic lemon anchovi dressing<\/em><\/p>\n<p><strong><em>Greek Seafood Salad <\/em><\/strong><br \/>\n<em>mesquite grilled shrimp and octopus, feta cheese, cucumber, tomato, red onion, tri colored bell peppers &amp; lemon garlic herb dressing<\/em><\/p>\n<\/div><\/section><\/div>\n<div class=\"flex_column av_one_half  flex_column_div av-zero-column-padding   \" style='border-radius:0px; '><section class=\"av_textblock_section \"  itemscope=\"itemscope\" itemtype=\"https:\/\/schema.org\/CreativeWork\" ><div class='avia_textblock  '   itemprop=\"text\" ><p><strong><em>Ensalada Mexicana<\/em><\/strong><br \/>\n<em>pechuga de pollo asada, lechuga romana, elote dulce, frijol negro, chile poblano, queso fresco, tomate cherry amarillo y rojo, semillas de calabaza, frituras de ma\u00edz, servido con aderezo de cilantro y ajo<br \/>\n<\/em><\/p>\n<p><strong><em>Ensalada de Papaya <\/em><\/strong><br \/>\n<em>papaya verde, pepino, jitomate, mango verde, menta, cilatro, hojas de lim\u00f3n kifir, jengibre, chile y ajo (camron o atun $75 pesos extra)<\/em><\/p>\n<p><strong><em>Ensalada Nicoise<\/em><\/strong><em>at\u00fan aleta amarilla asado, alcachofas, esp\u00e1rrago, aceituna Kalamata, papa cambray, huevo de codorniz cocido servido con aderezo de anchoas, ajo, aguacate y lim\u00f3n<br \/>\n<\/em><\/p>\n<p><strong><em>Ensalada Griega con Mariscos<\/em><\/strong><br \/>\n<em>pulpo, camar\u00f3n, queso feta, pepino, jitomate, cebolla morada, chile morr\u00f3n y aderezo de lim\u00f3n, ajo y hierbas<br \/>\n<\/em><\/p>\n<\/div><\/section><\/div>\n<\/div><\/div><\/div><!-- close content main div --><\/div><\/div><div id='av_section_3' class='avia-section main_color avia-section-default avia-no-shadow avia-full-stretch av-parallax-section avia-bg-style-parallax   container_wrap sidebar_right'  data-section-bg-repeat='stretch' ><div class='av-parallax' data-avia-parallax-ratio='0.3' ><div class='av-parallax-inner main_color  avia-full-stretch' style = 'background-repeat: no-repeat; background-image: url(https:\/\/donpedros.com\/wp-content\/uploads\/2016\/03\/pixxa.title_.bg_.jpg);background-attachment: scroll; background-position: center center; ' ><\/div><\/div><div class='container' ><div class='template-page content  av-content-small alpha units'><div class='post-entry post-entry-type-page post-entry-741'><div class='entry-content-wrapper clearfix'>\n<section class=\"av_textblock_section \"  itemscope=\"itemscope\" itemtype=\"https:\/\/schema.org\/CreativeWork\" ><div class='avia_textblock  av_inherit_color '  style='font-size:34px; color:#ffffff; '  itemprop=\"text\" ><p style=\"text-align: center;\"><strong>P\u00a0\u00a0 I \u00a0 Z \u00a0 Z \u00a0 A<br \/>\n<\/strong><\/p>\n<\/div><\/section>\n<\/div><\/div><\/div><!-- close content main div --><\/div><\/div><div id='after_section_3' class='main_color av_default_container_wrap container_wrap sidebar_right'   ><div class='container' ><div class='template-page content  av-content-small alpha units'><div class='post-entry post-entry-type-page post-entry-741'><div class='entry-content-wrapper clearfix'>\n<div class=\"flex_column av_one_half  flex_column_div av-zero-column-padding first  \" style='border-radius:0px; '><section class=\"av_textblock_section \"  itemscope=\"itemscope\" itemtype=\"https:\/\/schema.org\/CreativeWork\" ><div class='avia_textblock  '   itemprop=\"text\" ><p><strong><em>Margarita<br \/>\n<\/em><\/strong><em>mozzarella, fresh tomato &amp; basil<\/em><\/p>\n<p><strong><em>Vegetarian<br \/>\n<\/em><\/strong><em>tomato, basil, spinach, eggplant, zucchini, roasted peppers, mushrooms, kalamata olives, pine nuts &amp; capers<\/em><\/p>\n<p><strong><em>Mexicana<br \/>\n<\/em><\/strong><em>chorizo, onion, roasted poblano chile, black beans &amp; cilantro<\/em><strong><em><br \/>\n<\/em><\/strong><\/p>\n<p><strong><em>House Special<br \/>\n<\/em><\/strong><em>sausage, onion, mushrooms, roasted peppers, tomato &amp; basil<\/em><\/p>\n<p><strong><em>Shrimp &amp; Bacon<br \/>\n<\/em><\/strong><em>shrimp, bacon, fresh tomato, garlic &amp; basil<\/em><\/p>\n<\/div><\/section><\/div>\n<div class=\"flex_column av_one_half  flex_column_div av-zero-column-padding   \" style='border-radius:0px; '><section class=\"av_textblock_section \"  itemscope=\"itemscope\" itemtype=\"https:\/\/schema.org\/CreativeWork\" ><div class='avia_textblock  '   itemprop=\"text\" ><p><strong><em>Margarita<br \/>\n<\/em><\/strong><em>queso mozzarella, jitomate y albahaca<\/em><\/p>\n<p><strong><em>Vegetariana<br \/>\n<\/em><\/strong><em>queso mozzarella, pesto, berenjena, jitomate, espinacas, calabacitas, morr\u00f3n asado, hongos, aceitunas negras Kalamata, pi\u00f1ones y alcaparras<\/em><\/p>\n<p><strong><em>Pizza Mexicana<br \/>\n<\/em><\/strong><em>chorizo, cebolla, chile poblano, frijoles negros y cilantro<\/em><\/p>\n<p><strong><em>Especial de la Casa<br \/>\n<\/em><\/strong><em>queso mozzarella, chorizo Argentino<strong>, <\/strong>cebolla, champi\u00f1ones, morron asado, alcachofa y albahaca<br \/>\n<\/em><br \/>\n<em><strong>Camar\u00f3n y Tocino<br \/>\n<\/strong><\/em><em>queso mozarella, camar\u00f3n, tocino, jitomate fresco, ajo y albahaca<\/em><\/p>\n<\/div><\/section><\/div>\n<\/div><\/div><\/div><!-- close content main div --><\/div><\/div><div id='av_section_4' class='avia-section main_color avia-section-default avia-no-shadow avia-full-stretch av-parallax-section avia-bg-style-parallax   container_wrap sidebar_right'  data-section-bg-repeat='stretch' ><div class='av-parallax' data-avia-parallax-ratio='0.3' ><div class='av-parallax-inner main_color  avia-full-stretch' style = 'background-repeat: no-repeat; background-image: url(https:\/\/donpedros.com\/wp-content\/uploads\/2016\/03\/pasta.title_..bg_.jpg);background-attachment: scroll; background-position: center center; ' ><\/div><\/div><div class='container' ><div class='template-page content  av-content-small alpha units'><div class='post-entry post-entry-type-page post-entry-741'><div class='entry-content-wrapper clearfix'>\n<section class=\"av_textblock_section \"  itemscope=\"itemscope\" itemtype=\"https:\/\/schema.org\/CreativeWork\" ><div class='avia_textblock  av_inherit_color '  style='font-size:34px; color:#ffffff; '  itemprop=\"text\" ><p style=\"text-align: center;\"><strong>P\u00a0\u00a0 A\u00a0\u00a0 S\u00a0\u00a0 T\u00a0\u00a0 A<br \/>\n<\/strong><\/p>\n<\/div><\/section>\n<\/div><\/div><\/div><!-- close content main div --><\/div><\/div><div id='after_section_4' class='main_color av_default_container_wrap container_wrap sidebar_right'   ><div class='container' ><div class='template-page content  av-content-small alpha units'><div class='post-entry post-entry-type-page post-entry-741'><div class='entry-content-wrapper clearfix'>\n<div class=\"flex_column av_one_half  flex_column_div av-zero-column-padding first  \" style='border-radius:0px; '><section class=\"av_textblock_section \"  itemscope=\"itemscope\" itemtype=\"https:\/\/schema.org\/CreativeWork\" ><div class='avia_textblock  '   itemprop=\"text\" ><p><strong><em>Capellini a la Checa<br \/>\n<\/em><\/strong><em>angel hair pasta, fresh tomato, basil, garlic &amp; extra virgin olive oil<br \/>\n<\/em><\/p>\n<p><strong><em>Fettuccine alla Bolognese<\/em> <\/strong><br \/>\n<em>fresh handmade green fettuccine pasta meat ragu &amp; parmesan cheese<\/em><\/p>\n<p><strong><em>Linguine with Mussels &amp; Clams <\/em> <\/strong><br \/>\n<em>fresh mussels and clams, white wine, garlic, extra virgin olive oil, tomato &amp; basil<\/em><\/p>\n<p><strong><em>\u00a0Puttanesca<br \/>\n<\/em><\/strong><em>capellini, shrimp, capers, Kalamata olives, red pepper, anchovies, roasted peppers, <\/em><em>white wine, tomato, basil, oregano, garlic &amp; extra virgin olive oil<\/em><\/p>\n<p><strong><em>\u00a0<\/em><\/strong><strong><em>Lobster Raviolis<br \/>\n<\/em><\/strong><em>with saffron cream, fresh tomato and basil<\/em><\/p>\n<\/div><\/section><\/div>\n<div class=\"flex_column av_one_half  flex_column_div av-zero-column-padding   \" style='border-radius:0px; '><section class=\"av_textblock_section \"  itemscope=\"itemscope\" itemtype=\"https:\/\/schema.org\/CreativeWork\" ><div class='avia_textblock  '   itemprop=\"text\" ><p><strong><em>Capellini a la Checa<br \/>\n<\/em><\/strong><em>angel hair pasta, fresh tomato, basil, garlic &amp; extra virgin olive oil<br \/>\n<\/em><\/p>\n<p><strong><em>Fettuccine alla Bolognese<\/em> <\/strong><br \/>\n<em>fresh handmade green fettuccine pasta meat ragu &amp; parmesan cheese<\/em><\/p>\n<p><strong><em>Linguine with Mussels &amp; Clams <\/em> <\/strong><br \/>\n<em>fresh mussels and clams, white wine, garlic, extra virgin olive oil, tomato &amp; basil<\/em><\/p>\n<p><strong><em>\u00a0Puttanesca<br \/>\n<\/em><\/strong><em>capellini, shrimp, capers, Kalamata olives, red pepper, anchovies, roasted peppers, <\/em><em>white wine, tomato, basil, oregano, garlic &amp; extra virgin olive oil<\/em><\/p>\n<p><strong><em>\u00a0<\/em><\/strong><strong><em>Lobster Raviolis<br \/>\n<\/em><\/strong><em>with saffron cream, fresh tomato and basil<\/em><\/p>\n<\/div><\/section><\/div>\n<\/div><\/div><\/div><!-- close content main div --><\/div><\/div><div id='av_section_5' class='avia-section main_color avia-section-default avia-no-shadow avia-full-stretch av-parallax-section avia-bg-style-parallax   container_wrap sidebar_right'  data-section-bg-repeat='stretch' ><div class='av-parallax' data-avia-parallax-ratio='0.3' ><div class='av-parallax-inner main_color  avia-full-stretch' style = 'background-repeat: no-repeat; background-image: url(https:\/\/donpedros.com\/wp-content\/uploads\/2016\/03\/meat.header-1.jpg);background-attachment: scroll; background-position: center center; ' ><\/div><\/div><div class='container' ><div class='template-page content  av-content-small alpha units'><div class='post-entry post-entry-type-page post-entry-741'><div class='entry-content-wrapper clearfix'>\n<section class=\"av_textblock_section \"  itemscope=\"itemscope\" itemtype=\"https:\/\/schema.org\/CreativeWork\" ><div class='avia_textblock  av_inherit_color '  style='font-size:34px; color:#ffffff; '  itemprop=\"text\" ><p style=\"text-align: center;\"><strong>M\u00a0\u00a0 E\u00a0\u00a0 A\u00a0\u00a0 T\u00a0\u00a0\u00a0 &amp;\u00a0\u00a0\u00a0 P\u00a0\u00a0 O\u00a0\u00a0 U\u00a0\u00a0 L\u00a0\u00a0 T\u00a0\u00a0 R\u00a0\u00a0 Y\u00a0\u00a0 \/\u00a0\u00a0\u00a0 C\u00a0\u00a0 A\u00a0\u00a0 R\u00a0\u00a0 N\u00a0\u00a0 E\u00a0\u00a0 S\u00a0 \u00a0 &amp; \u00a0\u00a0 A \u00a0 V \u00a0 E \u00a0 S<br \/>\n<\/strong><\/p>\n<\/div><\/section>\n<\/div><\/div><\/div><!-- close content main div --><\/div><\/div><div id='after_section_5' class='main_color av_default_container_wrap container_wrap sidebar_right'   ><div class='container' ><div class='template-page content  av-content-small alpha units'><div class='post-entry post-entry-type-page post-entry-741'><div class='entry-content-wrapper clearfix'>\n<div class=\"flex_column av_one_half  flex_column_div av-zero-column-padding first  \" style='border-radius:0px; '><section class=\"av_textblock_section \"  itemscope=\"itemscope\" itemtype=\"https:\/\/schema.org\/CreativeWork\" ><div class='avia_textblock  '   itemprop=\"text\" ><p><em><strong>Stir Fried Vegetables <\/strong><em><br \/>\n<em>spicy vegetable stir fry with steamed rice (chicken-$30 pesos, shrimp-$50 pesos)<\/em><\/em><\/em><\/p>\n<p><em><strong>Hamburger &amp; Fries <\/strong><\/em><br \/>\n<em>1\/2 pound Kobe beef, Tillamook cheddar cheese, jalape\u00f1o relish, tomato, bacon, caramelized onion &amp; brioche bun<\/em><\/p>\n<p><em><strong>Carne Asada <\/strong><em><br \/>\n<em>filet of arrachera steak mesquite grilled served with black beans, guacamole, salsa de la casa &amp; fresh tortillas<\/em><\/em><\/em><\/p>\n<p><strong><em>Chicken Kebabs\u00a0\u00a0<\/em><br \/>\n<\/strong><em>mesquite grilled served with hummus, Greek salad &amp; white rice<\/em><\/p>\n<\/div><\/section><\/div>\n<div class=\"flex_column av_one_half  flex_column_div av-zero-column-padding   \" style='border-radius:0px; '><section class=\"av_textblock_section \"  itemscope=\"itemscope\" itemtype=\"https:\/\/schema.org\/CreativeWork\" ><div class='avia_textblock  '   itemprop=\"text\" ><p><em><strong>Stir Fried Vegetables <\/strong><em><br \/>\n<em>verduras mixtas con especias servidos con arroz al vapor (con pollo $30.00 extra o camar\u00f3n $50.00 pesos extra<\/em><\/em><\/em><\/p>\n<p><em><strong>Hamburger &amp; Fries <\/strong><\/em><br \/>\n<em>1\/2 pound Kobe beef, Tillamook cheddar cheese, jalape\u00f1o relish, tomato, bacon, caramelized onion &amp; brioche bun<\/em><\/p>\n<p><em><strong>Carne Asada <\/strong><em><br \/>\n<em>filet of arrachera steak mesquite grilled served with black beans, guacamole, salsa de la casa &amp; fresh tortillas<\/em><\/em><\/em><\/p>\n<p><strong><em>Chicken Kebabs\u00a0\u00a0<\/em><br \/>\n<\/strong><em>mesquite grilled served with hummus, Greek salad &amp; white rice<\/em><\/p>\n<\/div><\/section><\/div>\n<\/div><\/div><\/div><!-- close content main div --><\/div><\/div><div id='av_section_6' class='avia-section main_color avia-section-default avia-no-shadow avia-full-stretch av-parallax-section avia-bg-style-parallax   container_wrap sidebar_right'  data-section-bg-repeat='stretch' ><div class='av-parallax' data-avia-parallax-ratio='0.3' ><div class='av-parallax-inner main_color  avia-full-stretch' style = 'background-repeat: no-repeat; background-image: url(https:\/\/donpedros.com\/wp-content\/uploads\/2016\/03\/main.dish_.title_.bg_.jpg);background-attachment: scroll; background-position: center center; ' ><\/div><\/div><div class='container' ><div class='template-page content  av-content-small alpha units'><div class='post-entry post-entry-type-page post-entry-741'><div class='entry-content-wrapper clearfix'>\n<section class=\"av_textblock_section \"  itemscope=\"itemscope\" itemtype=\"https:\/\/schema.org\/CreativeWork\" ><div class='avia_textblock  av_inherit_color '  style='font-size:34px; color:#ffffff; '  itemprop=\"text\" ><p style=\"text-align: center;\"><strong>S\u00a0\u00a0 E\u00a0\u00a0 A\u00a0\u00a0 F\u00a0\u00a0 O\u00a0\u00a0 O\u00a0\u00a0 D\u00a0\u00a0 \/\u00a0\u00a0 M\u00a0\u00a0 A\u00a0\u00a0 R\u00a0\u00a0 I\u00a0\u00a0 S\u00a0\u00a0 C\u00a0\u00a0 O\u00a0\u00a0 S<br \/>\n<\/strong><\/p>\n<\/div><\/section>\n<\/div><\/div><\/div><!-- close content main div --><\/div><\/div><div id='after_section_6' class='main_color av_default_container_wrap container_wrap sidebar_right'   ><div class='container' ><div class='template-page content  av-content-small alpha units'><div class='post-entry post-entry-type-page post-entry-741'><div class='entry-content-wrapper clearfix'>\n<div class=\"flex_column av_one_half  flex_column_div av-zero-column-padding first  \" style='border-radius:0px; '><section class=\"av_textblock_section \"  itemscope=\"itemscope\" itemtype=\"https:\/\/schema.org\/CreativeWork\" ><div class='avia_textblock  '   itemprop=\"text\" ><p><em><strong>Fish Sandwich <\/strong><\/em><br \/>\n<em>grilled fish with chipotle lime mayo, cactus salsa and avocado served with French fries<\/em><br \/>\n<em><br \/>\n<strong>Shrimp Tacos <\/strong><\/em><br \/>\n<em>fried served with flour tortillas with chipotle cream, guacamole &amp; salsa Mexicana<\/em><\/p>\n<p><strong>Ginger Chili Snapper<\/strong><br \/>\n<em>whole red snapper roasted in wood burning oven with ginger, garlic, chili, green onion and soy served with steamed rice, snow peas &amp; shitake mushrooms<\/em><\/p>\n<p><strong>Fish of the Day<\/strong><em><br \/>\n<em>mesquite grilled with lemon, oregano,garlic, extra virgin olive oil and served with mashed potatoes &amp; baby vegetables<\/em><\/em><\/p>\n<p><em><strong>Grilled Ahi Tuna<\/strong><\/em><br \/>\n<em>charred rare with tomato mint vinaigrette, mashed potatoes and onion rings<\/em><\/p>\n<p><strong>Jumbo Shrimp<\/strong><em><br \/>\n<em>citrus beurre blanc, polenta &amp; asparagus<br \/>\n<\/em><strong><br \/>\nPacific Lobster<\/strong><br \/>\n<em>mesquite grilled with lime butter and served with mashed potatoes &amp; mixed vegetables 395 (\u00bd kg)<\/em><\/em><\/p>\n<\/div><\/section><\/div>\n<p><div class=\"flex_column av_one_half  flex_column_div av-zero-column-padding   \" style='border-radius:0px; '><section class=\"av_textblock_section \"  itemscope=\"itemscope\" itemtype=\"https:\/\/schema.org\/CreativeWork\" ><div class='avia_textblock  '   itemprop=\"text\" ><p><em><strong>S\u00e1ndwich de Pescado\u00a0\u00a0\u00a0\u00a0\u00a0\u00a0\u00a0\u00a0\u00a0\u00a0\u00a0\u00a0\u00a0\u00a0\u00a0\u00a0 \u00a0\u00a0\u00a0\u00a0\u00a0\u00a0\u00a0\u00a0 <\/strong><\/em><br \/>\n<em>pescado asado con mayonesa de chipotle y lim\u00f3n , aguacate y salsa de nopales servido con papas fritas<br \/>\n<\/em><\/p>\n<p><strong>Tacos de Camar\u00f3n<\/strong><em><br \/>\n<em>frito servido con tortilla de harina, crema chipotle, guacamole y salsa mexicana<\/em><\/em><\/p>\n<p><strong>Pescado Asi\u00e1tico <\/strong><br \/>\n<em>guachinango entero horneado a la le\u00f1a con jengibre, ajo, chile, cebollin y salsa de soya servido con arroz al vapor, chicharo chino y hongo shitake<\/em><\/p>\n<p><strong>Pescado del D\u00eda<\/strong><br \/>\n<em>asado al mesquite, servido con pur\u00e9 de papas, verduras mixtas y aderezo de lim\u00f3n, or\u00e9gano y perejil<br \/>\n<\/em><\/p>\n<p><em><strong>At\u00fan Ah\u00ed<\/strong><em><br \/>\n<em>asado al mesquite con vinagreta de hierbabuena y jitomate, servido con aros de cebolla<\/em><\/em><\/em><\/p>\n<p><strong>Camar\u00f3n Gigante <\/strong><br \/>\n<em>salteados servido con polenta, esp\u00e1rragos y beurre blanc de c\u00edtricos <\/em><\/p>\n<p><strong>Langosta<\/strong><em><br \/>\n<em>asada a la parrilla con mantequilla y lim\u00f3n servida con pur\u00e9 de papas y verduras mixtas 395 (\u00bd kg)<\/em><\/p>\n<\/div><\/section><\/div><\/em><\/p>\n","protected":false},"excerpt":{"rendered":"","protected":false},"author":2,"featured_media":0,"parent":0,"menu_order":0,"comment_status":"closed","ping_status":"closed","template":"","meta":{"footnotes":""},"class_list":["post-741","page","type-page","status-publish","hentry"],"_links":{"self":[{"href":"https:\/\/donpedros.com\/index.php?rest_route=\/wp\/v2\/pages\/741","targetHints":{"allow":["GET"]}}],"collection":[{"href":"https:\/\/donpedros.com\/index.php?rest_route=\/wp\/v2\/pages"}],"about":[{"href":"https:\/\/donpedros.com\/index.php?rest_route=\/wp\/v2\/types\/page"}],"author":[{"embeddable":true,"href":"https:\/\/donpedros.com\/index.php?rest_route=\/wp\/v2\/users\/2"}],"replies":[{"embeddable":true,"href":"https:\/\/donpedros.com\/index.php?rest_route=%2Fwp%2Fv2%2Fcomments&post=741"}],"version-history":[{"count":24,"href":"https:\/\/donpedros.com\/index.php?rest_route=\/wp\/v2\/pages\/741\/revisions"}],"predecessor-version":[{"id":955,"href":"https:\/\/donpedros.com\/index.php?rest_route=\/wp\/v2\/pages\/741\/revisions\/955"}],"wp:attachment":[{"href":"https:\/\/donpedros.com\/index.php?rest_route=%2Fwp%2Fv2%2Fmedia&parent=741"}],"curies":[{"name":"wp","href":"https:\/\/api.w.org\/{rel}","templated":true}]}}